1923?
False
Does 303 divide 13189590?
True
Is 56353554 a multiple of 801?
True
Is 1640 a factor of 46485800?
True
Is 185 a factor of 11255829?
False
Does 9 divide 53617265?
False
Is 465272 a multiple of 14?
False
Is 137 a factor of 689807056?
True
Is 37673322 a multiple of 6?
True
Is 185 a factor of 3828506?
False
Is 18 a factor of 23265918?
True
Does 126 divide 855599?
False
Is 551591 a multiple of 3?
False
Is 745536537 a multiple of 9?
True
Is 304271137 a multiple of 2?
False
Does 200 divide 110080462?
False
Is 15 a factor of 225337595?
False
Does 2087 divide 18799696?
True
Is 100 a factor of 2762330128?
False
Is 17836768 a multiple of 796?
True
Does 16 divide 941120?
True
Is 3148254 a multiple of 74?
False
Does 35 divide 143814490?
False
Is 116041635 a multiple of 443?
True
Does 17 divide 1585969184?
False
Does 271 divide 658736231?
True
Does 4 divide 3833733?
False
Is 9875844 a multiple of 17?
True
Is 4619129 a multiple of 194?
False
Does 4 divide 97598681?
False
Is 12378408 a multiple of 8?
True
Is 1499 a factor of 106382531?
True
Is 641886 a multiple of 29?
True
Is 37616698 a multiple of 15?
False
Is 170 a factor of 104380?
True
Is 24 a factor of 677069?
False
Is 32 a factor of 8756049?
False
Is 49718374 a multiple of 10?
False
Is 569 a factor of 977623335?
False
Is 795 a factor of 106062540?
True
Is 1134 a factor of 1715957528?
False
Is 1595608658 a multiple of 9?
False
Does 82 divide 2695595758?
True
Is 12723590 a multiple of 515?
True
Does 1453 divide 35033703?
False
Does 11 divide 72243710?
True
Does 7 divide 193776016?
True
Is 386637182 a multiple of 45?
False
Does 474 divide 1779682296?
True
Is 103 a factor of 38553937?
False
Is 199221248 a multiple of 29?
False
Is 111 a factor of 15571573?
False
Is 27052691 a multiple of 61?
False
Is 197 a factor of 63273496?
False
Is 25014446 a multiple of 34?
True
Does 52 divide 298824368?
False
Does 75 divide 367728966?
False
Is 783790924 a multiple of 67?
True
Is 257 a factor of 171644903?
True
Does 19 divide 802844050?
True
Is 28404295 a multiple of 541?
False
Is 89022609 a multiple of 117?
True
Does 252 divide 25704?
True
Is 949382492 a multiple of 3009?
False
Does 47 divide 12528436?
False
Is 643 a factor of 1986079110?
True
Is 489279482 a multiple of 61?
False
Is 103641118 a multiple of 2097?
False
Is 14 a factor of 321187018?
False
Is 13 a factor of 102992205?
False
Does 12 divide 12576045?
False
Is 456 a factor of 338236632?
True
Is 17306232 a multiple of 10?
False
Is 38884186 a multiple of 196?
False
Does 59 divide 841003464?
True
Does 812 divide 149974197?
False
Is 13 a factor of 77402085?
False
Does 295 divide 51576098?
False
Does 367 divide 9070772?
True
Is 991756699 a multiple of 15?
False
Is 103178200 a multiple of 105?
False
Is 17 a factor of 7842015?
True
Does 92 divide 5027485?
False
Does 2378 divide 413634246?
False
Is 20 a factor of 6093778?
False
Does 3 divide 60118155?
True
Is 5 a factor of 8612938?
False
Does 5569 divide 1407671312?
False
Is 208267038 a multiple of 5481?
True
Is 9090766 a multiple of 82?
True
Is 5122562 a multiple of 148?
False
Is 75 a factor of 64305075?
True
Is 33 a factor of 151524797?
False
Is 626 a factor of 65341825?
False
Is 22 a factor of 518365220?
False
Is 1274647657 a multiple of 947?
False
Is 4 a factor of 12709432?
True
Does 50 divide 9022918?
False
Is 500298300 a multiple of 122?
False
Does 2 divide 6744494?
True
Is 41361507 a multiple of 99?
True
Is 163 a factor of 205461989?
True
Is 25342600 a multiple of 8?
True
Does 5377 divide 97075956?
False
Is 94 a factor of 3213967630?
True
Is 45760270 a multiple of 36?
False
Is 217516878 a multiple of 6?
True
Does 6 divide 1083941688?
True
Does 3624 divide 60626216?
False
Is 16 a factor of 79871333?
False
Does 582 divide 288907128?
True
Does 42 divide 4437247?
False
Does 51 divide 630332810?
False
Is 1348742600 a multiple of 2941?
True
Is 2676972 a multiple of 33?
False
Does 180 divide 45092160?
True
Is 312618601 a multiple of 47?
False
Is 2301 a factor of 15359175?
True
Is 3564367417 a multiple of 10?
False
Is 12622023 a multiple of 223?
True
Is 8 a factor of 32335995?
False
Is 188564764 a multiple of 378?
False
Does 44 divide 20295880?
True
Does 281 divide 232061883?
True
Is 14 a factor of 78581995?
False
Is 276 a factor of 26492388?
False
Is 3338 a factor of 142409094?
True
Does 83 divide 17507788?
False
Is 4085 a factor of 2154503886?
False
Is 44 a factor of 9444813?
False
Is 264 a factor of 56332848?
True
Does 73 divide 35096429?
True
Is 12 a factor of 23113331?
False
Is 599 a factor of 71991356?
False
Is 557 a factor of 10638854?
False
Is 257 a factor of 12971803?
False
Is 6 a factor of 880368571?
False
Is 191 a factor of 3451254?
False
Is 113474721 a multiple of 1596?
False
Does 53 divide 276086302?
False
Does 384 divide 85044480?
True
Does 6 divide 93637938?
True
Does 281 divide 102753270?
True
Is 20693226 a multiple of 5?
False
Is 367 a factor of 90206962?
False
Is 35869280 a multiple of 664?
True
Is 237 a factor of 111627?
True
Is 23 a factor of 548190763?
True
Does 13 divide 134281667?
True
Does 23 divide 549492804?
False
Is 1312048267 a multiple of 256?
False
Does 778 divide 14436568?
True
Is 153 a factor of 219577644?
True
Is 851 a factor of 77729489?
True
Does 4 divide 309119684?
True
Is 141 a factor of 678828567?
True
Does 109 divide 19615565?
False
Is 32 a factor of 84686083?
False
Is 126 a factor of 38762543?
False
Does 97 divide 1200831791?
False
Is 39 a factor of 1090929255?
True
Is 34529740 a multiple of 28?
True
Is 27254769 a multiple of 9?
False
Does 2024 divide 46047050?
False
Is 405060434 a multiple of 3384?
False
Is 6377 a factor of 180278221?
False
Is 37 a factor of 103638628?
True
Is 456 a factor of 24635620?
False
Is 15 a factor of 64626143?
False
Is 225 a factor of 1003265550?
True
Does 96 divide 4257216?
True
Is 659 a factor of 43884128?
True
Is 271 a factor of 42862173?
True
Does 689 divide 7452913?
True
Is 228740435 a multiple of 3311?
True
Does 55 divide 285315893?
False
Is 150 a factor of 558391950?
True
Is 1135676572 a multiple of 1772?
True
Is 239 a factor of 747443581?
True
Does 4 divide 15805064?
True
Is 262 a factor of 422854079?
False
Is 49600620 a multiple of 310?
True
Is 31189714 a multiple of 2?
True
Is 63 a factor of 204241316?
False
Is 97 a factor of 5818509288?
False
Does 7 divide 274508304?
True
Is 5071650 a multiple of 39?
False
Does 116 divide 89217876?
False
Is 29 a factor of 187858259?
True
Is 4795 a factor of 1216131641?
False
Does 44 divide 18623176?
True
Is 27 a factor of 264234258?
True
Does 7 divide 907726685?
False
Is 102303996 a multiple of 174?
True
Does 1563 divide 15218931?
True
Is 5887855 a multiple of 3?
False
Is 54 a factor of 7110018?
True
Is 997 a factor of 130557224?
False
Does 120 divide 628493301?
False
Is 16 a factor of 13795271?
False
Is 4925172 a multiple of 238?
True
Is 14388140 a multiple of 20?
True
Does 5 divide 15861800?
True
Does 60 divide 1293276533?
False
Is 176663903 a multiple of 37?
False
Is 248 a factor of 1212723311?
False
Does 1666 divide 5157573125?
False
Is 121970736 a multiple of 849?
True
Is 57792355 a multiple of 45?
False
Is 75702072 a multiple of 492?
True
Does 226 divide 10167062?
True
Does 858 divide 94771248?
True
Is 10872776 a multiple of 48?
False
Does 1707 divide 132881431?
False
Does 1957 divide 753120181?
False
Does 95 divide 174186015?
True
Is 980 a factor of 41150200?
True
Is 41038848 a multiple of 9?
True
Is 192 a factor of 7411200?
True
Does 602 divide 74628134?
True
Does 2660 divide 369358954?
False
Does 7 divide 126833651?
True
Does 2771 divide 237267669?
False
Is 22 a factor of 84614485?
False
Is 64573232 a multiple of 18?
False
Is 16860240 a multiple of 16?
True
Is 1501217902 a multiple of 1223?
False
Does 9 divide 14474619?
True
Does 16 divide 496147126?
False
Is 67 a factor of 563279300?
False
Is 3204 a factor of 18302855?
False
Does 69 divide 627969?
True
Is 5 a factor of 22938367?
False
Is 68114436 a multiple of 676?
True
Is 1441 a factor of 415672301?
True
Is 36111642 a multiple of 486?
False
Is 577 a factor of 715967886?
False
Is 178 a factor of 55839846?
True
Is 61288488 a multiple of 226?
True
Does 9 divide 93252076?
False
Is 14 a factor of 540240934?
False
Is 1472078260 a multiple